 79, 2*m = -2*s + 70. What is the remainder when (1269/94)/(3/28) is divided by s?
30
Let z(j) = 34*j**3 + 7*j**2 - 3*j + 3. What is the remainder when z(3) is divided by 20?
15
Suppose 5*f - 2870 = -5*v, 644 - 60 = f - v. Calculate the remainder when f is divided by 29.
28
Let b be 0 + 2 - (0 - 20). Suppose 2*q = -0*z + 4*z - b, 4*q = 4*z - 24. Let d = 28748 - 28731. Calculate the remainder when d is divided by z.
2
Let c = -32 - -141. Suppose 3*s - 5*z = c, -20 = 3*z - 32. Calculate the remainder when 212 is divided by s.
40
Let p(g) = 24*g - 7. Let j be (-5)/(-2) - 18/(-36). Suppose -4*d + 122 = -2*f, 5*d + 5*f - 17 = 98. What is the remainder when p(j) is divided by d?
9
Suppose -3*c + c = -5*s + 260, -5*c + 52 = s. Let y = -130 + 330. What is the remainder when y is divided by s?
44
Let i(u) = -u**2 - u - 1. Let x(p) = -14*p**2 + 5*p + 5. Let g(o) = -i(o) - x(o). Suppose 7*y = 3*y + 228. Calculate the remainder when y is divided by g(-1).
12
Let m = 6342 - 5877. What is the remainder when m is divided by 162?
141
Let o(x) = 125*x**2 + 5*x. Let j be o(-2). Let u = 344 - j. Let r = 245 + u. Calculate the remainder when r is divided by 25.
24
Suppose -4*r + 594 = -2*b, -33*b - 441 = -3*r - 36*b. What is the remainder when r is divided by 92?
56
Let m(y) = 58*y**2 + 12*y - 8. What is the remainder when 19587 is divided by m(2)?
243
Let r(o) be the first derivative of 2*o**3/3 - 9*o**2/2 - 5*o + 3. Suppose 127 - 116 = -4*p + 247. What is the remainder when p is divided by r(7)?
29
What is the remainder when 594 is divided by (371/28 + -1)/(-1 - 13/(-12))?
6
Let n(k) = 19*k + 238. Calculate the remainder when 167 is divided by n(-11).
22
Suppose 6*i - 3*i = 5*u + 142, -5*i + 240 = -5*u. Suppose -t - 34 = -i. Calculate the remainder when 372 is divided by t.
12
Suppose -v - 111 = -4*j, -2*j - v = j - 92. Let u be 64/3 + 20/(-60). Suppose z = u*z - 160. Calculate the remainder when j is divided by z.
5
Let j(y) = -112*y - 534. Let r be 12 + (-1)/(-2)*0. Suppose -r = -5*q + 8. Calculate the remainder when j(-5) is divided by q.
2
Calculate the remainder when 172 is divided by (-231)/(-154)*3/(-6) - 262/(-8).
12
Suppose 4*v = -3*h - 39, 5 = 3*h - 4. Let p be 74/v - 1/(-6). Calculate the remainder when 2*(33/p + 4) + 72 is divided by 15.
9
Let o(w) = 3*w - 2. Let q be o(-3). Let j = q - -135. Suppose 5*y - 95 = 10. What is the remainder when j is divided by y?
19
Let l(r) = -r**2 + 2*r - 4. Let y be l(2). Let d = 1532 + -1477. What is the remainder when d is divided by (-51)/y - 6/8?
7
Let x(v) = -v**3 + 3*v**2 + 5*v - 4. Let z be x(-2). Calculate the remainder when ((-392)/z - 2)/(2/(-3)) is divided by 13.
10
Let f(a) = -13*a - 356. Suppose -c + 3*c = 98. Let u = c - 14. What is the remainder when u is divided by f(-29)?
14
Let i = 89 + -90. Let n be i + 0 - (2 - 3). Suppose 4*h - 8 - 8 = n. What is the remainder when 4 is divided by h?
0
Let u = 33 + -40. Let w(k) = -2*k**2 - 10*k + 30. Calculate the remainder when (-36)/(-19) + 10/95 is divided by w(u).
0
Let x = -1934 + 1941. What is the remainder when 42 is divided by x?
0
Let c(q) = 6*q + 18. Let d be c(-4). Let k(h) = h**2 + 46*h + 268. What is the remainder when k(d) is divided by 13?
2
Let r = 10664 + -10593. What is the remainder when r is divided by 21*(0 + (-1)/(-1))?
8
Let c be 3/((-12)/8) + 2. Suppose 0 = -5*a - 3*g + 95, -a + c*a = -5*g - 47. Calculate the remainder when a is divided by 48/(8 - 4) + -4.
6
Suppose b + 79 = 70. Let w = b - -84. What is the remainder when w is divided by 24?
3
Let u = 31040 - 30945. What is the remainder when 589/2 - (-4)/8 is divided by u?
10
Let i(j) be the first derivative of 3*j**2/2 + 177*j - 295. Calculate the remainder when i(15) is divided by 19.
13
Suppose 1428*k + 4*c = 1425*k + 1729, 3*k - 1720 = 5*c. Calculate the remainder when k is divided by 151.
122
Let k be (-580)/(-3) + 6/9. Let m = k + -117. Let t(a) = 6*a**2 + 6*a - 2. What is the remainder when m is divided by t(-2)?
7
Let m(x) be the third derivative of -7*x**4/24 + 2*x**3 - 7*x**2. Let u be m(-5). Suppose -u*t - 66 = -49*t. Calculate the remainder when t is divided by 12.
9
Suppose 2*j = 4*i - 291 + 219, 0 = 4*i + 3*j - 52. Suppose 2*z - 6*z - 2*v + 72 = 0, 0 = -3*z - 3*v + 60. Calculate the remainder when z is divided by i.
0
Let k = 47 + -26. Let m be 0 + 6/2 - (0 - k). Suppose 5*z - 4 = l, m = 2*l - 0*z - 2*z. Calculate the remainder when 93 is divided by l.
13
Let s = 199 - 43. Suppose -32 = 3*h + 3*v - 50, -4*h - v + 18 = 0. Suppose 5*p - 80 = 4*w + s, -h*w = -4*p + 192. What is the remainder when p is divided by 13?
5
Suppose 0 = 2*r, 0*g + 58*r - 53*r + 255 = 5*g. What is the remainder when 4129 is divided by g?
49
Let r = -10122 - -10264. What is the remainder when 322 is divided by r?
38
Let h be 2/(-16) + (-13)/(-104). Suppose h = -20*r + 15*r, 4*y - 248 = -5*r. Calculate the remainder when 555 is divided by y.
59
Let n(c) = -c**3 - 15*c**2 + 13*c - 33. Let k = -52 + 36. Calculate the remainder when 191 is divided by n(k).
11
Suppose 15*r - 2442 - 4817 = -2*r. What is the remainder when r is divided by 47?
4
What is the remainder when 608 is divided by 182/13*(-7 - (-2 + -2) - -7)?
48
Suppose -2*g - 8*o + 5*o + 15 = 0, -3*g + 5 = o. Suppose 3*y + l - 209 = 0, -y = -g*y + l - 71. Calculate the remainder when y is divided by 24.
21
Let s(i) = -i - 5. Suppose 4*r + 5*k - 67 = 0, r - 3*k + 48 = 4*r. Let x be s(r). What is the remainder when ((-466)/(-12) - 3/x)*1 is divided by 21?
18
Suppose -4*x = 3*m - 9 - 18, 5*x - 35 = -4*m. Suppose 3*y - y - 39 = 3*v, -m*y = -2*v - 114. Calculate the remainder when 118 is divided by y.
22
Let z = 18339 - 17792. What is the remainder when 2741 is divided by z?
6
Let a = -99 + 217. Suppose -5*n + 4*x = -a, 3*n - 60 = -2*x + 2. Suppose -2*t + n + 32 = 0. What is the remainder when t is divided by 14?
13
Let b be 1/2 - (-91)/26. Let f(q) = q**3 - 3*q**2 - 3*q + 2. Let c be f(b). Suppose 3*z - c*z = -96. Calculate the remainder when z is divided by 18.
14
Let v(z) = 11*z**2 - 1025*z + 189. Calculate the remainder when 586 is divided by v(93).
1
Let d(f) = -f**3 + 32*f**2 - f + 250. What is the remainder when 873 is divided by d(32)?
1
Suppose 4*n - 401 = -5*o, 15*n - 2029 = -4*o - 599. What is the remainder when 3755 is divided by n?
89
Suppose 22*f = 4970 - 2174 + 26728. Calculate the remainder when f is divided by 34.
16
Suppose h - 24 = 3*i - 4, 5*h + 2*i - 15 = 0. Suppose 35 = 3*p + h*m - 34, 4*m = p - 6. What is the remainder when p is divided by 11?
7
Calculate the remainder when ((-432)/80)/((-2)/7 - (-138)/630) is divided by 40.
1
Let p = 2034 - 1911. What is the remainder when p is divided by 63?
60
What is the remainder when 97 is divided by ((-2)/(-4) - -1)/(18/48)?
1
Suppose 2937 = 28*l + 2349. Calculate the remainder when 247/2 + 6/(-4) is divided by l.
17
Let c(s) = 144*s + 1107. Calculate the remainder when 2032 is divided by c(-3).
7
Suppose n = -5*a + 368, -3*a - 10*n = -11*n - 224. What is the remainder when a is divided by -3 - -1 - -4 - -6?
2
What is the remainder when 4757 is divided by ((-5590)/(-156) - (-20)/(-24))/(1/2)?
67
Let n be (-138)/(-9) - 26/78. Calculate the remainder when 325 is divided by (80/(-50))/((-3)/n).
5
Calculate the remainder when (3 - (-12)/(-8)) + 6 + (-3447)/(-6) is divided by 183.
33
Suppose 1677*v = 1675*v + u + 434, -v = -4*u - 231. Calculate the remainder when v is divided by 41.
10
Suppose 0 = -100*o - 13*o + 2256 + 343. Calculate the remainder when 1080 is divided by o.
22
Let a(h) = -334*h - 83. What is the remainder when a(-5) is divided by 30?
27
Let g = -161072 + 161097. Suppose -4*z + o + 214 = -z, 218 = 3*z - 5*o. Calculate the remainder when z is divided by g.
21
Let f = -1372 + 4386. Calculate the remainder when f is divided by 26.
24
Let r(w) = -w**3 - 13*w**2 - 12*w. Let o be r(-12). Suppose 0 = 5*h - 5*y - 75, 0 = -2*h - 5*y - o - 5. What is the remainder when 127 is divided by h?
7
Suppose 2*y + 86 = 2*s - 414, y - 4*s = -253. Let k = 270 + y. What is the remainder when 146 is divided by k?
20
Let k(r) = -2*r**3 - 8*r**2 - 16*r - 8. Suppose 3*p + z = -p + 248, 5*z = -p + 43. Calculate the remainder when p is divided by k(-3).
19
Let m(i) = 15*i**3 - 4*i + 4. Suppose 0 = 23*